is the greatest common factor of a and f?
3
Let b = -5987 + 6752. What is the highest common factor of b and 54?
9
Suppose 4*o - 291 = -307, -5*u = 3*o + 2. Let j = 9 + -4. What is the highest common factor of j and u?
1
Suppose -z = 4*i - 1273, -5*i - 6565 = 1352*z - 1357*z. What is the greatest common factor of z and 405?
45
Suppose -5*j + 43 = -2057. Let x = j - 390. Calculate the greatest common divisor of x and 18.
6
Suppose -6*u + u = -4*k - 14272, -5*k = 4*u - 11434. Calculate the greatest common divisor of u and 336.
168
Let y = 206808 + -206791. Suppose -2*g - 376 = -2*x, 3*x - 559 = -0*x - 2*g. What is the highest common factor of y and x?
17
Suppose r + 5*m = 44 + 4, 5*r = -3*m + 152. Suppose 762 = r*i - 134. Calculate the greatest common divisor of 8 and i.
8
Let z = 157 - 62. Let i(l) = -11*l - 86. Let u be i(-13). What is the greatest common factor of z and u?
19
Suppose -28 + 11 = -5*i + 43. What is the greatest common factor of 9948 and i?
12
Let h be (-20 - -8 - -5 - -15) + 20. Calculate the greatest common factor of 1085 and h.
7
Let i be (1870 - -40)/(10/12). Calculate the greatest common divisor of 12 and i.
12
Let d(v) = -15*v - 183. Let o be d(-49). Calculate the highest common divisor of 36 and o.
12
Suppose w + 4*p - 698 = 0, 17*p = 3*w + 12*p - 2060. What is the highest common factor of w and 150?
30
Let r(g) = -18*g**3 + 4*g + 3. Let z be r(-1). Suppose z*j - 18*j + 6 = 0. What is the highest common factor of j and 12?
6
Suppose 3*c = 4*l - 53, -2*c + 4 = 2*c. Suppose -2*m = -l - 18. What is the greatest common divisor of m and 12?
4
Let j be 344907/1026 - 1/6. Calculate the highest common factor of 616 and j.
56
Let m = 3426 + -348. Calculate the greatest common factor of m and 216.
54
Let y(f) = 26 - 12 + 16 - 26*f + 25*f. Let v be y(29). Let i(b) = -b + 8. Let u be i(0). Calculate the highest common divisor of v and u.
1
Let i be 3608/(-165) - 12/90. Let n be (-4279)/i - (-6)/4. What is the highest common factor of 112 and n?
28
Suppose 38*g - 901 = -6*g - 9*g. What is the greatest common factor of g and 9469?
17
Suppose r = -f - 3*f - 19, r + 37 = 5*f. Let t = 56 + r. Calculate the highest common factor of t and 493.
29
Let u(a) = -269*a**2 - 2*a + 2*a**3 + 275*a**2 - 2*a**3 + a**3. Let p be u(-4). What is the greatest common factor of 140 and p?
20
Suppose 0 = 29*k - 5838 - 3297. Calculate the greatest common divisor of k and 42.
21
Let s = 21054 - 19855. Calculate the highest common factor of 88 and s.
11
Suppose 2*v + 2*v - 634 = 2*n, -5*v = 2*n - 770. Let u = v - 123. Let w be u + -28 - 16/(-2). What is the highest common factor of w and 39?
13
Let g be (-408)/(-66) + (-4)/22. Suppose 111*i - 34692 = -8*i + 21*i. Calculate the greatest common factor of g and i.
6
Let j = 733 + -537. What is the greatest common divisor of j and 1519?
49
Suppose -7*o + 16 = -11*o, -2*o = 7*n - 44239. Calculate the greatest common factor of 63 and n.
21
Suppose 3*r - 361 = -4*k, 5*k + 0*k = r - 133. Suppose -r*a - 95 = -128*a. What is the greatest common factor of a and 19?
19
Suppose 6*m - 75 = 195. Let o be 67*(3 + -2 - 0). Let t = o - m. What is the highest common divisor of 33 and t?
11
Suppose 0 = -2*x + 95 + 53. Let r = x - 29. Suppose 2 - 32 = -2*u - 3*n, 3*u - r = 3*n. What is the highest common divisor of 105 and u?
15
Let z(u) = u**3 + 3*u**2 - u + 2. Let v be z(-4). Let w be (0/v)/((-2)/1). Suppose -3*y + 24 + 90 = w. Calculate the highest common divisor of y and 19.
19
Let n be 7/((-14)/(-4)) + 388 + 3. Let w = -198 + n. Let m be (2 + -1)*(41 + -2). What is the highest common divisor of w and m?
39
Let m(f) = 2*f**3 + 21*f**2 + 9*f - 22. Let p be m(-10). Let g(x) = x**2 + 13*x + 34. Let q be g(p). What is the highest common divisor of 154 and q?
22
Suppose 5*a + 3*p = 24, p - 3*p = 3*a - 14. Let j(y) = -21*y - 45. Let x be j(-7). Let d = x - a. What is the greatest common divisor of d and 24?
24
Let u(y) = -3*y - 3. Let s be u(-4). Suppose -4*j - 216 = -16*j. Let g be j/(94/18 + -5). Calculate the greatest common factor of g and s.
9
Let n(a) = -a**2 - 16*a. Let f be n(-16). Suppose -5*p + 258 + 77 = f. Suppose p = 2*c + 3*z - 45, 0 = -2*z. Calculate the greatest common factor of c and 7.
7
Suppose 12*o - 2025 + 6513 = 0. Let k = o - -383. What is the greatest common factor of 117 and k?
9
Let n = -10898 + 32179. Calculate the highest common divisor of n and 13.
13
Let g(c) = -2*c + 15. Let q be g(-12). Let m = q - 37. Suppose -34 = -m*x + 66. Calculate the greatest common divisor of 75 and x.
25
Suppose -78*n + 273681 = -31*n. Calculate the greatest common divisor of 9 and n.
9
Let v(i) = 28*i + 192. Let p be v(-7). Let w be (3 + p)*2*276/(-8). Calculate the highest common divisor of 115 and w.
23
Let n = 254 - 352. Let g = n - -113. Calculate the highest common divisor of g and 57.
3
Let n(r) = r**2 + 14*r - 38. Let f be n(-17). Let k be 12 - ((15 - f) + 0/(-2)). Suppose 25*p - 30 = 20. What is the greatest common divisor of k and p?
2
Suppose -2558*d + 2588*d = 150. Calculate the greatest common factor of 155 and d.
5
Let h(j) = 7*j**2 + 0*j**2 + 5*j - 51 - 3*j**2 + 0*j. Let p be h(6). What is the greatest common factor of p and 3?
3
Suppose 5*x = 4*s + 373, 7*x - 228 = 4*x + s. What is the highest common divisor of x and 56?
7
Suppose 12 + 8 = -5*h. Let p be (h/(-6) + (-284)/(-24))*4. Suppose -c + 24 - 4 = 0. Calculate the greatest common divisor of p and c.
10
Suppose 10 = 7*s - 81 - 189. What is the greatest common divisor of 7100 and s?
20
Let s = 6758 - 3902. Calculate the greatest common factor of 168 and s.
168
Suppose -5*l = 3*s - 597, -3*s + 24*l = 23*l - 615. What is the highest common divisor of s and 5236?
68
Suppose -24*o + 385 = -3695. Suppose 4*h + z = 410, 0 = -4*h + z - 3*z + 412. Calculate the highest common factor of o and h.
34
Let q(i) = -19*i**3 + 5*i**2 - 4*i - 15. Let l be q(-6). What is the highest common divisor of l and 9?
9
Suppose -c + 1 = 0, 0 = 2*h - 3*c - 2065 + 132. What is the greatest common divisor of 418 and h?
22
Suppose -14*z + 225 = 11*z. What is the highest common factor of 2 and z?
1
Let d be 3/(-5) - ((-204)/15 - -9). Let g = 3 + 33. What is the highest common divisor of g and d?
4
Let d = 249 + -238. Suppose -4*q = -d*q + 595. Let b = 69 - 35. What is the highest common divisor of b and q?
17
Let r = -41 - -82. Suppose -3*z + c = 4*c + 36, 0 = 3*z + 2*c + r. Let n = 43 + z. What is the highest common factor of n and 234?
26
Suppose -9*m + 7*m = 0. Let o = 160 + m. What is the greatest common divisor of o and 20?
20
Let f(z) = 2*z**3 + 19*z**2 - 9*z + 15. Let c be f(-10). Suppose -2*o + x = -7*o + 62, -59 = -c*o - 2*x. What is the greatest common factor of o and 91?
13
Let h(u) = -4*u**3 + 2*u**2 + 3*u - 10. Let a be h(-5). Suppose 6*b - a = -9*b. Calculate the highest common factor of 21 and b.
7
Suppose 5*k + 28 = -2*c, 306*k = -2*c + 308*k + 28. What is the greatest common divisor of c and 102?
6
Let q(p) = 2*p**3 + 4*p**2 - 9*p + 36. Let i be q(0). Suppose 0 = 2*v - 7 - 7. Suppose n + 3 = v. What is the highest common factor of i and n?
4
Let b = 939 + -771. Suppose 5*l + l - 126 = 0. What is the greatest common divisor of l and b?
21
Suppose 13*u - 25 = -324. Let z(k) = -3*k - 49. Let m be z(u). Suppose 4*y + 71 = 2*s + 15, 94 = 3*s + 4*y. What is the highest common factor of s and m?
10
Let z = -54 - -62. Let l(y) = 19*y - 68. Let c be l(z). Suppose 183 = 3*n + 3*p, -n + p + 36 + 15 = 0. What is the highest common divisor of c and n?
28
Let f = 351 + 3265. What is the greatest common factor of 96 and f?
32
Let l(i) = i**2 - 7. Suppose 4*z - 82 = -2*a, -40 = -3*z + a + 14. Suppose 0 = 11*p + z + 47. Let x be l(p). What is the highest common factor of x and 145?
29
Let p = 100 + -112. Let v(f) = 8*f**2 + 50*f + 8. Let b be v(p). Calculate the greatest common divisor of 14 and b.
14
Let d(l) be the third derivative of -l**4/12 + 5*l**3/2 - 8*l**2 - 5*l. Let k be d(-20). Calculate the highest common factor of k and 22.
11
Suppose -4*t - 6 = u, 0*u + 4*t = 2*u - 24. Let b be (-29)/((-14)/63 + (-2)/(-36)). Calculate the highest common divisor of u and b.
6
Suppose -p = -50 - 202. Let d be ((p/8)/9)/((-1)/(-2)). Suppose -d*s - 8 = -8*s. What is the greatest common fact